and 44497?
1
Calculate the greatest common factor of 276591 and 84.
21
Calculate the greatest common factor of 30 and 71586.
6
Calculate the greatest common divisor of 2743 and 91.
13
What is the highest common factor of 7910 and 157409?
791
Calculate the greatest common divisor of 1650 and 4070.
110
Calculate the highest common factor of 168641 and 11.
11
What is the highest common factor of 53576 and 4107?
37
What is the highest common divisor of 192 and 296928?
96
Calculate the highest common factor of 2898 and 1794.
138
Calculate the greatest common factor of 139004 and 4.
4
What is the highest common factor of 18717 and 459?
51
Calculate the greatest common divisor of 218 and 716566.
218
What is the highest common factor of 140875 and 5096?
49
What is the highest common divisor of 200 and 25540?
20
What is the greatest common factor of 74 and 124579?
37
What is the greatest common divisor of 763750 and 94?
94
Calculate the greatest common divisor of 1540 and 272860.
140
Calculate the highest common divisor of 57 and 397689.
57
What is the greatest common divisor of 90 and 39470?
10
What is the greatest common divisor of 291 and 432911?
97
Calculate the highest common factor of 376 and 362981.
47
Calculate the greatest common factor of 20650 and 112.
14
Calculate the greatest common factor of 205065 and 3087.
441
Calculate the greatest common divisor of 24 and 23082.
6
Calculate the greatest common factor of 622829 and 17.
17
Calculate the greatest common factor of 45 and 2233485.
45
What is the greatest common factor of 88314 and 16514?
718
Calculate the greatest common divisor of 41560 and 16.
8
What is the greatest common divisor of 5859 and 9331?
217
What is the highest common factor of 295499 and 109?
109
Calculate the greatest common divisor of 1150 and 29670.
230
Calculate the highest common divisor of 1672 and 803.
11
What is the greatest common factor of 13503 and 861?
21
What is the highest common divisor of 2201 and 186?
31
What is the greatest common factor of 14576 and 592?
16
Calculate the highest common factor of 24 and 57396.
12
What is the greatest common divisor of 2570568 and 280?
56
Calculate the highest common divisor of 162110 and 78.
26
Calculate the greatest common divisor of 546193 and 152.
19
Calculate the greatest common divisor of 4896 and 8908.
68
What is the highest common factor of 40 and 185480?
40
What is the greatest common divisor of 8401 and 45818?
31
What is the greatest common divisor of 23 and 20792?
23
What is the highest common divisor of 525 and 34625?
25
What is the greatest common divisor of 49872 and 3072?
48
Calculate the highest common factor of 5624 and 245976.
296
Calculate the greatest common factor of 17427 and 4239.
471
Calculate the highest common factor of 5103 and 11151.
189
Calculate the greatest common divisor of 117 and 909.
9
Calculate the greatest common factor of 209 and 8448.
11
What is the greatest common factor of 24104 and 452736?
1048
Calculate the greatest common factor of 415944 and 190968.
2616
Calculate the highest common divisor of 6138 and 9548.
682
What is the highest common divisor of 2043 and 9751239?
2043
What is the greatest common divisor of 88901 and 38?
19
Calculate the highest common divisor of 2 and 610202.
2
What is the highest common factor of 148 and 23236?
148
Calculate the greatest common factor of 1591536 and 24.
24
What is the highest common factor of 54 and 338634?
54
What is the greatest common divisor of 277 and 327137?
277
What is the highest common factor of 282275 and 175?
175
What is the greatest common divisor of 495 and 2185227?
99
What is the highest common factor of 91 and 150761?
13
What is the greatest common factor of 336 and 131592?
24
Calculate the highest common factor of 44 and 17897.
11
Calculate the greatest common factor of 175073 and 29.
29
What is the highest common factor of 12 and 6049644?
12
What is the highest common factor of 30 and 69378?
6
What is the greatest common divisor of 15004 and 542531?
341
Calculate the highest common factor of 22729 and 34.
17
Calculate the highest common factor of 25498 and 6688.
418
What is the highest common divisor of 210 and 188070?
30
What is the greatest common factor of 931559 and 857?
857
What is the highest common divisor of 245 and 120295?
245
Calculate the highest common divisor of 1694 and 7994.
14
Calculate the highest common factor of 51 and 265455.
51
What is the highest common divisor of 244 and 220637?
61
Calculate the highest common factor of 19 and 5791.
1
Calculate the greatest common divisor of 107982 and 126.
126
Calculate the highest common divisor of 140 and 2496865.
35
Calculate the greatest common divisor of 650817 and 36.
9
Calculate the greatest common divisor of 342 and 21774.
114
What is the greatest common factor of 165800 and 3900?
100
What is the highest common divisor of 81600 and 48?
48
Calculate the highest common factor of 45 and 32.
1
What is the greatest common divisor of 1470 and 54320?
70
What is the highest common factor of 12206 and 10770?
718
Calculate the greatest common factor of 176 and 161084.
44
What is the highest common divisor of 79448 and 106?
2
Calculate the highest common divisor of 12956 and 12.
4
Calculate the greatest common divisor of 2199 and 131207.
733
What is the highest common divisor of 287 and 83722?
41
Calculate the highest common divisor of 802 and 1840991.
401
What is the greatest common factor of 126295 and 246935?
1885
What is the greatest common divisor of 82 and 1956?
2
What is the highest common factor of 94216 and 8?
8
Calculate the greatest common factor of 341166 and 546.
42
Calculate the highest common factor of 816 and 188.
4
What is the greatest common divisor of 5551 and 13832?
91
Calculate the greatest common factor of 46517 and 514.
257
Calculate the greatest common divisor of 30260588 and 277.
277
What is the greatest common divisor of 5930550 and 621?
621
Calculate the highest common factor of 241593 and 99.
33
What is the greatest common divisor of 1830 and 30270?
30
Calculate the greatest common divisor of 10208 and 56672.
352
What is the highest common divisor of 56 and 17962?
14
Calculate the greatest common divisor of 3553 and 171.
19
What is the greatest common factor of 624 and 2048?
16
What is the highest common divisor of 3384 and 48128?
376
What is the highest common divisor of 2032 and 80?
16
What is the highest common factor of 11 and 1589?
1
What is the highest common divisor of 289411 and 167?
167
What is the greatest common divisor of 375 and 93200?
25
What is the highest common factor of 1 and 3253?
1
Calculate the greatest common factor of 913 and 275.
11
Calculate the greatest common divisor of 16548 and 6153.
21
Calculate the greatest common factor of 119632 and 208.
16
Calculate the highest common divisor of 21741 and 12.
3
Calculate the greatest common factor of 85 and 4520.
5
Calculate the greatest common divisor of 242 and 123816.
22
Calculate the highest common divisor of 124 and 1195732.
124
What is the highest common divisor of 1659 and 316?
79
Calculate the highest common factor of 68350 and 9569.
1367
Calculate the highest common divisor of 309 and 458247.
309
Calculate the greatest common divisor of 54672 and 168.
24
What is the greatest common factor of 230124 and 453?
453
Calculate the greatest common factor of 43332 and 2484.
276
Calculate the greatest common factor of 206 and 1814.
2
What is the highest common divisor of 1375 and 64075?
275
What is the highest common factor of 1799937 and 43?
43
What is the greatest common factor of 1624 and 89152?
56
What is the highest common divisor of 3 and 243975?
3
Calculate the highest common factor of 54 and 115488.
18
What is the greatest common factor of 5 and 22915?
5
What is the highest common divisor of 4205817 and 374?
187
What is the greatest common divisor of 851 and 33004?
37
What is the greatest common divisor of 76480 and 2048?
64
Calculate the greatest common divisor of 333 and 4338546.
111
What is the greatest common factor of 8 and 8324?
4
Calculate the greatest common divisor of 11070 and 1395.
45
What is the highest common divisor of 14615 and 9805?
185
Calculate the highest common factor of 462 and 10904817.
231
Cal